{"id":3188,"date":"2023-06-27T03:32:51","date_gmt":"2023-06-27T03:32:51","guid":{"rendered":"https:\/\/web.webrt.net\/phongvu\/?post_type=product&#038;p=3188"},"modified":"2023-06-27T03:32:51","modified_gmt":"2023-06-27T03:32:51","slug":"gia-cong-con-lan-boc-cao-su-tnt020","status":"publish","type":"product","link":"https:\/\/web.webrt.net\/phongvu\/?product=gia-cong-con-lan-boc-cao-su-tnt020","title":{"rendered":"Gia c\u00f4ng con l\u0103n b\u1ecdc cao su \u2013 PV020"},"content":{"rendered":"<div id=\"ez-toc-container\" class=\"ez-toc-v2_0_50 counter-hierarchy ez-toc-counter ez-toc-grey ez-toc-container-direction\">\n<div class=\"ez-toc-title-container\">\n<p class=\"ez-toc-title\">M\u1ee5c l\u1ee5c<\/p>\n<span class=\"ez-toc-title-toggle\"><a href=\"#\" class=\"ez-toc-pull-right ez-toc-btn ez-toc-btn-xs ez-toc-btn-default ez-toc-toggle\" aria-label=\"Toggle Table of Content\" role=\"button\"><label for=\"item-69d09a0caa4be\" aria-hidden=\"true\"><span style=\"display: flex;align-items: center;width: 35px;height: 30px;justify-content: center;direction:ltr;\"><svg style=\"fill: #999;color:#999\" xmlns=\"http:\/\/www.w3.org\/2000\/svg\" class=\"list-377408\" width=\"20px\" height=\"20px\" viewBox=\"0 0 24 24\" fill=\"none\"><path d=\"M6 6H4v2h2V6zm14 0H8v2h12V6zM4 11h2v2H4v-2zm16 0H8v2h12v-2zM4 16h2v2H4v-2zm16 0H8v2h12v-2z\" fill=\"currentColor\"><\/path><\/svg><svg style=\"fill: #999;color:#999\" class=\"arrow-unsorted-368013\" xmlns=\"http:\/\/www.w3.org\/2000\/svg\" width=\"10px\" height=\"10px\" viewBox=\"0 0 24 24\" version=\"1.2\" baseProfile=\"tiny\"><path d=\"M18.2 9.3l-6.2-6.3-6.2 6.3c-.2.2-.3.4-.3.7s.1.5.3.7c.2.2.4.3.7.3h11c.3 0 .5-.1.7-.3.2-.2.3-.5.3-.7s-.1-.5-.3-.7zM5.8 14.7l6.2 6.3 6.2-6.3c.2-.2.3-.5.3-.7s-.1-.5-.3-.7c-.2-.2-.4-.3-.7-.3h-11c-.3 0-.5.1-.7.3-.2.2-.3.5-.3.7s.1.5.3.7z\"\/><\/svg><\/span><\/label><input  type=\"checkbox\" id=\"item-69d09a0caa4be\"><\/a><\/span><\/div>\n<nav><ul class='ez-toc-list ez-toc-list-level-1 ' ><li class='ez-toc-page-1 ez-toc-heading-level-2'><a class=\"ez-toc-link ez-toc-heading-1\" href=\"https:\/\/web.webrt.net\/phongvu\/?product=gia-cong-con-lan-boc-cao-su-tnt020\/#Gia_cong_con_lan_boc_cao_su\" title=\"Gia c\u00f4ng con l\u0103n b\u1ecdc cao su:\">Gia c\u00f4ng con l\u0103n b\u1ecdc cao su:<\/a><\/li><li class='ez-toc-page-1 ez-toc-heading-level-2'><a class=\"ez-toc-link ez-toc-heading-2\" href=\"https:\/\/web.webrt.net\/phongvu\/?product=gia-cong-con-lan-boc-cao-su-tnt020\/#Dac_diem_cua_dong_con_lan_boc_cao_su\" title=\"\u0110\u1eb7c \u0111i\u1ec3m c\u1ee7a d\u00f2ng con l\u0103n b\u1ecdc cao su\">\u0110\u1eb7c \u0111i\u1ec3m c\u1ee7a d\u00f2ng con l\u0103n b\u1ecdc cao su<\/a><\/li><li class='ez-toc-page-1 ez-toc-heading-level-2'><a class=\"ez-toc-link ez-toc-heading-3\" href=\"https:\/\/web.webrt.net\/phongvu\/?product=gia-cong-con-lan-boc-cao-su-tnt020\/#Uu_diem_con_lan_boc_cao_su\" title=\"\u01afu \u0111i\u1ec3m con l\u0103n b\u1ecdc cao su:\">\u01afu \u0111i\u1ec3m con l\u0103n b\u1ecdc cao su:<\/a><\/li><li class='ez-toc-page-1 ez-toc-heading-level-2'><a class=\"ez-toc-link ez-toc-heading-4\" href=\"https:\/\/web.webrt.net\/phongvu\/?product=gia-cong-con-lan-boc-cao-su-tnt020\/#Ung_dung_con_lan_boc_cao_su\" title=\"\u1ee8ng d\u1ee5ng con l\u0103n b\u1ecdc cao su\">\u1ee8ng d\u1ee5ng con l\u0103n b\u1ecdc cao su<\/a><\/li><li class='ez-toc-page-1 ez-toc-heading-level-2'><a class=\"ez-toc-link ez-toc-heading-5\" href=\"https:\/\/web.webrt.net\/phongvu\/?product=gia-cong-con-lan-boc-cao-su-tnt020\/#Gia_cong_con_lan_boc_cao_su_o_dau\" title=\"Gia c\u00f4ng con l\u0103n b\u1ecdc cao su \u1edf \u0111\u00e2u\">Gia c\u00f4ng con l\u0103n b\u1ecdc cao su \u1edf \u0111\u00e2u<\/a><\/li><\/ul><\/nav><\/div>\n<h2 id=\"ftoc-heading-1\" class=\"ftwp-heading\"><span class=\"ez-toc-section\" id=\"Gia_cong_con_lan_boc_cao_su\"><\/span><strong>Gia c\u00f4ng con l\u0103n b\u1ecdc cao su:<\/strong><span class=\"ez-toc-section-end\"><\/span><\/h2>\n<p><strong>Gia cong c\u00f4ng Con l\u0103n b\u1ecdc cao su<\/strong>\u00a0\u0111\u1eb7t ti\u00eau chu\u1ea9n ph\u1ea3i \u0111\u1ea3m b\u1ea3o c\u00e1c y\u00eau t\u1ed1 sau: \u0111\u1ed9 \u0111\u1ed3ng t\u00e2m, th\u1eb3ng, kh\u00f4ng b\u1ecb v\u00f5ng, kh\u00f4ng g\u00e2y ra c\u00e1c l\u1ef1c ly t\u00e2m,.. Ch\u00ednh v\u00ec v\u00e2y, \u0111\u1ec3 ch\u1ebf t\u1ea1o ra \u0111\u01b0\u1ee3c s\u1ea3n ph\u1ea9m con l\u0103n b\u1ecdc cao su \u0111\u00f2i h\u1ecfi nhi\u1ec1u y\u1ebfu t\u1ed1 v\u00e0 y\u00eau c\u1ea7u k\u0129 thu\u1eadt<br \/>\n<strong>S\u1ea3n ph\u1ea9m con l\u0103n b\u1ecdc cao su<\/strong>\u00a0c\u00f3 tu\u1ed5i th\u1ecd cao, b\u1ec1 m\u1eb7t c\u00f3 \u0111\u1ed9 ma s\u00e1t cao gi\u00fap qu\u00e1 tr\u00ecnh v\u1eadn chuy\u1ec3n nhanh ch\u00f3ng. H\u1ec7 th\u1ed1ng con l\u0103n c\u00f3 t\u00ednh \u1ed5n \u0111\u1ecbnh cao, hi\u1ec7u su\u1ea5t v\u00e0 th\u1eddi gian v\u1eadn h\u00e0nh l\u00e2u. \u0110\u1eb7c bi\u1ec7t, con l\u0103n b\u1ecdc cao su c\u00f2n l\u00e0m vi\u1ec7c \u0111\u01b0\u1ee3c trong m\u00f4i tr\u01b0\u1eddng \u1ea9m \u01b0\u1edbt v\u00e0 b\u1ee5i b\u1eb7m.<\/p>\n<p><img decoding=\"async\" loading=\"lazy\" class=\"aligncenter size-full wp-image-3189\" src=\"https:\/\/web.webrt.net\/phongvu\/wp-content\/uploads\/2023\/06\/Screenshot-2023-06-27-103117.png\" alt=\"\" width=\"598\" height=\"279\" \/><\/p>\n<figure id=\"attachment_3227\" class=\"wp-caption aligncenter\" aria-describedby=\"caption-attachment-3227\"><figcaption id=\"caption-attachment-3227\" class=\"wp-caption-text\">Gia c\u00f4ng con l\u0103n b\u1ecdc cao su<\/figcaption><\/figure>\n<h2 id=\"ftoc-heading-2\" class=\"ftwp-heading\"><span class=\"ez-toc-section\" id=\"Dac_diem_cua_dong_con_lan_boc_cao_su\"><\/span><strong>\u0110\u1eb7c \u0111i\u1ec3m c\u1ee7a d\u00f2ng con l\u0103n b\u1ecdc cao su<\/strong><span class=\"ez-toc-section-end\"><\/span><\/h2>\n<div>\n<p>D\u00f2ng con l\u0103n c\u00f4ng nghi\u1ec7p,\u00a0\u0111\u01b0\u1ee3c chia l\u00e0m 3 lo\u1ea1i ch\u00ednh: b\u1ec1 m\u1eb7t cao su x\u01b0\u01a1ng c\u00e1, b\u1ec1 m\u1eb7t cao su m\u1ecbn, b\u1ec1 m\u1eb7t cao su kim c\u01b0\u01a1ng. M\u1ed7i lo\u1ea1i l\u1ea1i ph\u1ee5c v\u1ee5 cho m\u1ed9t l\u0129nh v\u1ef1c v\u00e0 nhu c\u1ea7u s\u1eed d\u1ee5ng kh\u00e1c nhau.\u00a0Con l\u0103n \u0111\u01b0\u1ee3c ch\u1ebf t\u1ea1o t\u1eeb th\u00e9p, gang \u0111\u00fac, tr\u1ee5c quay l\u00e0m b\u1eb1ng th\u00e9p, v\u1ecf \u0111\u01b0\u1ee3c h\u00e0n k\u00edn.<\/p>\n<p>Cao su c\u00f3 \u0111\u1ed9 \u0111\u00e0n h\u1ed3i cao v\u00e0 t\u00ednh linh ho\u1ea1t c\u00f3 th\u1ec3 ch\u1ed1ng va \u0111\u1eadp, ph\u1ee5c h\u1ed3i t\u1ed1t. \u0110\u01b0\u1ee3c l\u00e0m b\u1eb1ng cao su t\u1ef1 nhi\u00ean l\u00ean c\u00f3 kh\u1ea3 n\u0103ng ch\u1ed1ng m\u00e0i m\u00f2n v\u00e0 \u0111\u00e0n h\u1ed3i t\u1ed1t.<\/p>\n<\/div>\n<h2 id=\"ftoc-heading-3\" class=\"ftwp-heading\"><span class=\"ez-toc-section\" id=\"Uu_diem_con_lan_boc_cao_su\"><\/span><strong>\u01afu \u0111i\u1ec3m con l\u0103n b\u1ecdc cao su:<\/strong><span class=\"ez-toc-section-end\"><\/span><\/h2>\n<div>\n<ul>\n<li>C\u00f3 kh\u1ea3 n\u0103ng ch\u1ed1ng b\u00e1m d\u00ednh, m\u00e0i m\u00f2n, \u00edt h\u1ec7 s\u1ed1 ma s\u00e1t v\u00e0 c\u00f3 th\u1eddi gian s\u1eed d\u1ee5ng l\u00e2u.<\/li>\n<li>Kh\u1ea3 n\u0103ng ch\u1ed1ng t\u0129nh \u0111i\u1ec7n v\u00e0 l\u00e3o h\u00f3a \u0111\u1ed9 b\u1ec1n c\u01a1 h\u1ecdc.<\/li>\n<li>Kh\u00f4ng g\u00e2y ra ti\u1ebfng \u1ed3n, th\u1eddi gian v\u1eadn h\u00e0nh l\u00e2u.<\/li>\n<li>L\u00e0m vi\u1ec7c trong nhi\u1ec1u m\u00f4i tr\u01b0\u1eddng kh\u00e1c nhau.<\/li>\n<li>Chi ph\u00ed \u0111\u1ea7u t\u01b0 th\u1ea5p, t\u0103ng n\u0103ng su\u1ea5t lao \u0111\u1ed9ng.<\/li>\n<\/ul>\n<\/div>\n<h2 id=\"ftoc-heading-4\" class=\"ftwp-heading\"><span class=\"ez-toc-section\" id=\"Ung_dung_con_lan_boc_cao_su\"><\/span><strong>\u1ee8ng d\u1ee5ng con l\u0103n b\u1ecdc cao su<\/strong><span class=\"ez-toc-section-end\"><\/span><\/h2>\n<p><strong>Con l\u0103n b\u1ecdc cao su<\/strong>\u00a0th\u01b0\u1eddng \u0111\u01b0\u1ee3c \u1ee9ng d\u1ee5ng trong nhi\u1ec1u\u00a0l\u0129nh v\u1ef1c s\u1ea3n xu\u1ea5t, l\u1eafp r\u00e1p, v\u1eadn chuy\u1ec3n h\u00e0ng h\u00f3a, \u0111\u1eb7c bi\u1ec7t th\u01b0\u1eddng \u0111\u01b0\u1ee3c s\u1eed d\u1ee5ng trong c\u00e1c h\u1ec7 th\u1ed1ng, d\u00e2y chuy\u1ec1n b\u0103ng t\u1ea3i gi\u00fap \u0111\u1ea9y nhanh hi\u1ec7u qu\u1ea3 c\u00f4ng vi\u1ec7c. V\u1edbi kh\u1ea3 n\u0103ng ch\u1ed1ng ch\u1ecbu, ch\u1ed1ng \u0103n m\u00f2n t\u1ed1t con l\u0103n b\u1ecdc cao su c\u00f3 th\u1ec3 l\u00e0m vi\u1ec7c trong nhi\u1ec1u \u0111i\u1ec1u ki\u1ec7n m\u00f4i tr\u01b0\u1eddng kh\u1eafc nhi\u1ec7t m\u00e0 v\u1eabn ho\u1ea1t \u0111\u1ed9ng linh ho\u1ea1t.<\/p>\n<div>\n<h2 id=\"ftoc-heading-5\" class=\"ftwp-heading\"><span class=\"ez-toc-section\" id=\"Gia_cong_con_lan_boc_cao_su_o_dau\"><\/span><strong>Gia c\u00f4ng con l\u0103n b\u1ecdc cao su \u1edf \u0111\u00e2u<\/strong><span class=\"ez-toc-section-end\"><\/span><\/h2>\n<div>\n<p>Con l\u0103n b\u1ecdc cao su c\u00f3 t\u00ednh linh ho\u1ea1t cao, kh\u1ea3 n\u0103ng \u0111\u00e0n h\u1ed3i t\u1ed1t, ch\u1ed1ng va \u0111\u1eadp v\u00e0 ph\u1ee5c h\u1ed3i t\u1ed1t n\u00ean c\u00f3 th\u1ec3 l\u00e0m vi\u1ec7c t\u1ed1t trong \u0111i\u1ec1u ki\u1ec7n m\u00f4i tr\u01b0\u1eddng kh\u1eafc nghi\u1ec7t. \u1ee8ng d\u1ee5ng con l\u0103n b\u1ecdc cao su v\u00e0o s\u1ea3n xu\u1ea5t gi\u00fap t\u0103ng hi\u1ec7u qu\u1ea3 c\u00f4ng vi\u1ec7c v\u1edbi m\u1ee9c \u0111\u1ed9 an to\u00e0n cao.<\/p>\n<p>Con l\u0103n b\u1ecdc cao su \u0111\u01b0\u1ee3c s\u1eed d\u1ee5ng trong m\u1ed9t s\u1ed1 ng\u00e0nh nh\u01b0 s\u1ea3n xu\u1ea5t bao b\u00ec, may m\u1eb7c, s\u1ea3n xu\u1ea5t kinh, l\u1eafp r\u00e1p, ho\u1eb7c v\u1eadn chuy\u1ec3n h\u00e0ng h\u00f3a kh\u00e1c.\u00a0Con l\u0103n b\u1ecdc cao su hi\u1ec7n \u0111ang \u0111\u01b0\u1ee3c s\u1eed d\u1ee5ng r\u1ea5t nhi\u1ec1u trong ng\u00e0nh c\u00f4ng nghi\u1ec7p h\u00f3a ch\u1ea5t, c\u00f3 th\u1ec3 l\u00e0m vi\u1ec7c trong th\u1eddi gian d\u00e0i m\u00e0 v\u1eabn \u0111\u1ea3m b\u1ea3o \u0111\u1ed9 b\u1ec1n c\u1ee7a con l\u0103n.<\/p>\n<\/div>\n<p><strong>Li\u00ean h\u1ec7 \u0111\u1ec3 \u0111\u1eb7t con l\u0103n b\u1ecdc cao su<\/strong><\/p>\n<p>\u0110\u1ec3 \u0111\u01b0\u1ee3c t\u01b0 v\u1ea5n th\u00eam s\u1ea3n ph\u1ea9m\u00a0<strong>con l\u0103n nh\u1ef1a\u00a0<\/strong>.Li\u00ean h\u1ec7 v\u1edb Phong V\u0169, qu\u00fd kh\u00e1ch h\u00e0ng s\u1ebd \u0111\u01b0\u1ee3c t\u01b0 v\u1ea5n v\u00e0 thi\u1ebft k\u1ebf b\u0103ng t\u1ea3i 3D theo y\u00eau c\u1ea7u c\u1ee7a kh\u00e1ch h\u00e0ng ho\u00e0n to\u00e0n <strong>Mi\u1ec5n Ph\u00ed,\u00a0<\/strong>\u0111\u01b0\u1ee3c chuy\u00ean vi\u00ean k\u1ef9 thu\u1eadt t\u01b0 v\u1ea5n thi\u1ebft k\u1ebf, l\u00ean ph\u01b0\u01a1ng \u00e1n k\u1ef9 thu\u1eadt, cung c\u1ea5p b\u1ea3n v\u1ebd thi\u1ebft k\u1ebf, \u0111\u1ed3ng th\u1eddi c\u00f9ng ph\u01b0\u01a1ng \u00e1n gi\u00e1 \u0111\u1ec3 doanh nghi\u1ec7p l\u1ef1a ch\u1ecdn v\u1edbi ch\u1ea5t l\u01b0\u1ee3ng h\u00e0ng h\u00f3a t\u1ed1t nh\u1ea5t. H\u00e3y nh\u1ea5c m\u00e1y v\u00e0 g\u1ecdi ngay \u0111\u1ebfn s\u1ed1\u00a0<strong>Hotline:<\/strong> \u00a0036 6901055\u00a0\u0111\u1ec3 \u0111\u01b0\u1ee3c nh\u00e2n vi\u00ean t\u01b0 v\u1ea5n th\u00eam th\u00f4ng tin v\u1ec1 s\u1ea3n ph\u1ea9m.<\/p>\n<\/div>\n","protected":false},"excerpt":{"rendered":"<p>Gia c\u00f4ng con l\u0103n b\u1ecdc cao su: Gia cong c\u00f4ng Con l\u0103n b\u1ecdc cao su\u00a0\u0111\u1eb7t ti\u00eau chu\u1ea9n ph\u1ea3i \u0111\u1ea3m b\u1ea3o c\u00e1c y\u00eau t\u1ed1 sau: \u0111\u1ed9 \u0111\u1ed3ng t\u00e2m, th\u1eb3ng, kh\u00f4ng b\u1ecb v\u00f5ng, kh\u00f4ng g\u00e2y ra c\u00e1c l\u1ef1c ly t\u00e2m,.. Ch\u00ednh v\u00ec v\u00e2y, \u0111\u1ec3 ch\u1ebf t\u1ea1o ra \u0111\u01b0\u1ee3c s\u1ea3n ph\u1ea9m con l\u0103n b\u1ecdc cao su \u0111\u00f2i h\u1ecfi&#8230;<\/p>\n","protected":false},"featured_media":3189,"comment_status":"open","ping_status":"closed","template":"","meta":[],"product_cat":[178],"product_tag":[],"yoast_head":"<!-- This site is optimized with the Yoast SEO plugin v20.9 - https:\/\/yoast.com\/wordpress\/plugins\/seo\/ -->\n<title>Gia c\u00f4ng con l\u0103n b\u1ecdc cao su \u2013 PV020 - Phong V\u0169<\/title>\n<meta name=\"robots\" content=\"index, follow, max-snippet:-1, max-image-preview:large, max-video-preview:-1\" \/>\n<link rel=\"canonical\" href=\"https:\/\/web.webrt.net\/phongvu\/?product=gia-cong-con-lan-boc-cao-su-tnt020\" \/>\n<meta property=\"og:locale\" content=\"vi_VN\" \/>\n<meta property=\"og:type\" content=\"article\" \/>\n<meta property=\"og:title\" content=\"Gia c\u00f4ng con l\u0103n b\u1ecdc cao su \u2013 PV020 - Phong V\u0169\" \/>\n<meta property=\"og:description\" content=\"Gia c\u00f4ng con l\u0103n b\u1ecdc cao su: Gia cong c\u00f4ng Con l\u0103n b\u1ecdc cao su\u00a0\u0111\u1eb7t ti\u00eau chu\u1ea9n ph\u1ea3i \u0111\u1ea3m b\u1ea3o c\u00e1c y\u00eau t\u1ed1 sau: \u0111\u1ed9 \u0111\u1ed3ng t\u00e2m, th\u1eb3ng, kh\u00f4ng b\u1ecb v\u00f5ng, kh\u00f4ng g\u00e2y ra c\u00e1c l\u1ef1c ly t\u00e2m,.. Ch\u00ednh v\u00ec v\u00e2y, \u0111\u1ec3 ch\u1ebf t\u1ea1o ra \u0111\u01b0\u1ee3c s\u1ea3n ph\u1ea9m con l\u0103n b\u1ecdc cao su \u0111\u00f2i h\u1ecfi...\" \/>\n<meta property=\"og:url\" content=\"https:\/\/web.webrt.net\/phongvu\/?product=gia-cong-con-lan-boc-cao-su-tnt020\" \/>\n<meta property=\"og:site_name\" content=\"Phong V\u0169\" \/>\n<meta property=\"og:image\" content=\"https:\/\/web.webrt.net\/phongvu\/wp-content\/uploads\/2023\/06\/Screenshot-2023-06-27-103117.png\" \/>\n\t<meta property=\"og:image:width\" content=\"598\" \/>\n\t<meta property=\"og:image:height\" content=\"279\" \/>\n\t<meta property=\"og:image:type\" content=\"image\/png\" \/>\n<meta name=\"twitter:card\" content=\"summary_large_image\" \/>\n<meta name=\"twitter:label1\" content=\"\u01af\u1edbc t\u00ednh th\u1eddi gian \u0111\u1ecdc\" \/>\n\t<meta name=\"twitter:data1\" content=\"5 ph\u00fat\" \/>\n<script type=\"application\/ld+json\" class=\"yoast-schema-graph\">{\"@context\":\"https:\/\/schema.org\",\"@graph\":[{\"@type\":\"WebPage\",\"@id\":\"https:\/\/web.webrt.net\/phongvu\/?product=gia-cong-con-lan-boc-cao-su-tnt020\",\"url\":\"https:\/\/web.webrt.net\/phongvu\/?product=gia-cong-con-lan-boc-cao-su-tnt020\",\"name\":\"Gia c\u00f4ng con l\u0103n b\u1ecdc cao su \u2013 PV020 - Phong V\u0169\",\"isPartOf\":{\"@id\":\"https:\/\/web.webrt.net\/phongvu\/#website\"},\"datePublished\":\"2023-06-27T03:32:51+00:00\",\"dateModified\":\"2023-06-27T03:32:51+00:00\",\"breadcrumb\":{\"@id\":\"https:\/\/web.webrt.net\/phongvu\/?product=gia-cong-con-lan-boc-cao-su-tnt020#breadcrumb\"},\"inLanguage\":\"vi\",\"potentialAction\":[{\"@type\":\"ReadAction\",\"target\":[\"https:\/\/web.webrt.net\/phongvu\/?product=gia-cong-con-lan-boc-cao-su-tnt020\"]}]},{\"@type\":\"BreadcrumbList\",\"@id\":\"https:\/\/web.webrt.net\/phongvu\/?product=gia-cong-con-lan-boc-cao-su-tnt020#breadcrumb\",\"itemListElement\":[{\"@type\":\"ListItem\",\"position\":1,\"name\":\"Trang ch\u1ee7\",\"item\":\"https:\/\/web.webrt.net\/phongvu\/\"},{\"@type\":\"ListItem\",\"position\":2,\"name\":\"S\u1ea3n ph\u1ea9m\",\"item\":\"https:\/\/web.webrt.net\/phongvu\/?post_type=product\"},{\"@type\":\"ListItem\",\"position\":3,\"name\":\"Gia c\u00f4ng con l\u0103n b\u1ecdc cao su \u2013 PV020\"}]},{\"@type\":\"WebSite\",\"@id\":\"https:\/\/web.webrt.net\/phongvu\/#website\",\"url\":\"https:\/\/web.webrt.net\/phongvu\/\",\"name\":\"Phong V\u0169\",\"description\":\"\",\"potentialAction\":[{\"@type\":\"SearchAction\",\"target\":{\"@type\":\"EntryPoint\",\"urlTemplate\":\"https:\/\/web.webrt.net\/phongvu\/?s={search_term_string}\"},\"query-input\":\"required name=search_term_string\"}],\"inLanguage\":\"vi\"}]}<\/script>\n<!-- \/ Yoast SEO plugin. -->","yoast_head_json":{"title":"Gia c\u00f4ng con l\u0103n b\u1ecdc cao su \u2013 PV020 - Phong V\u0169","robots":{"index":"index","follow":"follow","max-snippet":"max-snippet:-1","max-image-preview":"max-image-preview:large","max-video-preview":"max-video-preview:-1"},"canonical":"https:\/\/web.webrt.net\/phongvu\/?product=gia-cong-con-lan-boc-cao-su-tnt020","og_locale":"vi_VN","og_type":"article","og_title":"Gia c\u00f4ng con l\u0103n b\u1ecdc cao su \u2013 PV020 - Phong V\u0169","og_description":"Gia c\u00f4ng con l\u0103n b\u1ecdc cao su: Gia cong c\u00f4ng Con l\u0103n b\u1ecdc cao su\u00a0\u0111\u1eb7t ti\u00eau chu\u1ea9n ph\u1ea3i \u0111\u1ea3m b\u1ea3o c\u00e1c y\u00eau t\u1ed1 sau: \u0111\u1ed9 \u0111\u1ed3ng t\u00e2m, th\u1eb3ng, kh\u00f4ng b\u1ecb v\u00f5ng, kh\u00f4ng g\u00e2y ra c\u00e1c l\u1ef1c ly t\u00e2m,.. Ch\u00ednh v\u00ec v\u00e2y, \u0111\u1ec3 ch\u1ebf t\u1ea1o ra \u0111\u01b0\u1ee3c s\u1ea3n ph\u1ea9m con l\u0103n b\u1ecdc cao su \u0111\u00f2i h\u1ecfi...","og_url":"https:\/\/web.webrt.net\/phongvu\/?product=gia-cong-con-lan-boc-cao-su-tnt020","og_site_name":"Phong V\u0169","og_image":[{"width":598,"height":279,"url":"https:\/\/web.webrt.net\/phongvu\/wp-content\/uploads\/2023\/06\/Screenshot-2023-06-27-103117.png","type":"image\/png"}],"twitter_card":"summary_large_image","twitter_misc":{"\u01af\u1edbc t\u00ednh th\u1eddi gian \u0111\u1ecdc":"5 ph\u00fat"},"schema":{"@context":"https:\/\/schema.org","@graph":[{"@type":"WebPage","@id":"https:\/\/web.webrt.net\/phongvu\/?product=gia-cong-con-lan-boc-cao-su-tnt020","url":"https:\/\/web.webrt.net\/phongvu\/?product=gia-cong-con-lan-boc-cao-su-tnt020","name":"Gia c\u00f4ng con l\u0103n b\u1ecdc cao su \u2013 PV020 - Phong V\u0169","isPartOf":{"@id":"https:\/\/web.webrt.net\/phongvu\/#website"},"datePublished":"2023-06-27T03:32:51+00:00","dateModified":"2023-06-27T03:32:51+00:00","breadcrumb":{"@id":"https:\/\/web.webrt.net\/phongvu\/?product=gia-cong-con-lan-boc-cao-su-tnt020#breadcrumb"},"inLanguage":"vi","potentialAction":[{"@type":"ReadAction","target":["https:\/\/web.webrt.net\/phongvu\/?product=gia-cong-con-lan-boc-cao-su-tnt020"]}]},{"@type":"BreadcrumbList","@id":"https:\/\/web.webrt.net\/phongvu\/?product=gia-cong-con-lan-boc-cao-su-tnt020#breadcrumb","itemListElement":[{"@type":"ListItem","position":1,"name":"Trang ch\u1ee7","item":"https:\/\/web.webrt.net\/phongvu\/"},{"@type":"ListItem","position":2,"name":"S\u1ea3n ph\u1ea9m","item":"https:\/\/web.webrt.net\/phongvu\/?post_type=product"},{"@type":"ListItem","position":3,"name":"Gia c\u00f4ng con l\u0103n b\u1ecdc cao su \u2013 PV020"}]},{"@type":"WebSite","@id":"https:\/\/web.webrt.net\/phongvu\/#website","url":"https:\/\/web.webrt.net\/phongvu\/","name":"Phong V\u0169","description":"","potentialAction":[{"@type":"SearchAction","target":{"@type":"EntryPoint","urlTemplate":"https:\/\/web.webrt.net\/phongvu\/?s={search_term_string}"},"query-input":"required name=search_term_string"}],"inLanguage":"vi"}]}},"_links":{"self":[{"href":"https:\/\/web.webrt.net\/phongvu\/index.php?rest_route=\/wp\/v2\/product\/3188"}],"collection":[{"href":"https:\/\/web.webrt.net\/phongvu\/index.php?rest_route=\/wp\/v2\/product"}],"about":[{"href":"https:\/\/web.webrt.net\/phongvu\/index.php?rest_route=\/wp\/v2\/types\/product"}],"replies":[{"embeddable":true,"href":"https:\/\/web.webrt.net\/phongvu\/index.php?rest_route=%2Fwp%2Fv2%2Fcomments&post=3188"}],"wp:featuredmedia":[{"embeddable":true,"href":"https:\/\/web.webrt.net\/phongvu\/index.php?rest_route=\/wp\/v2\/media\/3189"}],"wp:attachment":[{"href":"https:\/\/web.webrt.net\/phongvu\/index.php?rest_route=%2Fwp%2Fv2%2Fmedia&parent=3188"}],"wp:term":[{"taxonomy":"product_cat","embeddable":true,"href":"https:\/\/web.webrt.net\/phongvu\/index.php?rest_route=%2Fwp%2Fv2%2Fproduct_cat&post=3188"},{"taxonomy":"product_tag","embeddable":true,"href":"https:\/\/web.webrt.net\/phongvu\/index.php?rest_route=%2Fwp%2Fv2%2Fproduct_tag&post=3188"}],"curies":[{"name":"wp","href":"https:\/\/api.w.org\/{rel}","templated":true}]}}