{"id":3039,"date":"2023-06-23T09:40:25","date_gmt":"2023-06-23T09:40:25","guid":{"rendered":"https:\/\/web.webrt.net\/phongvu\/?page_id=3039"},"modified":"2023-06-23T09:40:25","modified_gmt":"2023-06-23T09:40:25","slug":"chinh-sach-bao-mat","status":"publish","type":"page","link":"https:\/\/web.webrt.net\/phongvu\/?page_id=3039","title":{"rendered":"CH\u00cdNH S\u00c1CH B\u1ea2O M\u1eacT"},"content":{"rendered":"<p><img decoding=\"async\" loading=\"lazy\" class=\"alignnone size-medium wp-image-2878\" src=\"https:\/\/web.webrt.net\/phongvu\/wp-content\/uploads\/2023\/06\/Screenshot-2023-06-22-103614-800x363.png\" sizes=\"(max-width: 800px) 100vw, 800px\" srcset=\"https:\/\/web.webrt.net\/phongvu\/wp-content\/uploads\/2023\/06\/Screenshot-2023-06-22-103614-800x363.png 800w, https:\/\/web.webrt.net\/phongvu\/wp-content\/uploads\/2023\/06\/Screenshot-2023-06-22-103614-768x349.png 768w, https:\/\/web.webrt.net\/phongvu\/wp-content\/uploads\/2023\/06\/Screenshot-2023-06-22-103614-600x273.png 600w, https:\/\/web.webrt.net\/phongvu\/wp-content\/uploads\/2023\/06\/Screenshot-2023-06-22-103614.png 1160w\" alt=\"\" width=\"800\" height=\"363\" \/><\/p>\n<p>Khi s\u1eed d\u1ee5ng c\u00e1c s\u1ea3n ph\u1ea9m v\u00e0 d\u1ecbch v\u1ee5 c\u1ee7a\u00a0Phong V\u0169\u00a0, Qu\u00fd kh\u00e1ch \u0111\u00e3 cung c\u1ea5p th\u00f4ng tin cho ch\u00fang t\u00f4i v\u00e0 h\u00e3y tin r\u1eb1ng ch\u00fang t\u00f4i lu\u00f4n h\u1ebft m\u00ecnh v\u00e0 \u0111\u1ecbnh ra nguy\u00ean t\u1eafc b\u1ea3o m\u1eadt th\u00f4ng tin ri\u00eang t\u01b0, nghi\u00eam ng\u1eb7t. Qu\u00fd kh\u00e1ch vui l\u00f2ng \u0111\u1ecdc b\u1ea3n \u201cCh\u00ednh s\u00e1ch b\u1ea3o m\u1eadt th\u00f4ng tin\u201d d\u01b0\u1edbi \u0111\u00e2y \u0111\u1ec3 hi\u1ec3u h\u01a1n nh\u1eefng cam k\u1ebft m\u00e0 ch\u00fang t\u00f4i th\u1ef1c hi\u1ec7n, nh\u1eb1m t\u00f4n tr\u1ecdng v\u00e0 b\u1ea3o v\u1ec7 quy\u1ec1n l\u1ee3i c\u1ee7a ng\u01b0\u1eddi d\u00f9ng.<\/p>\n<h2>1. M\u1ee5c \u0111\u00edch v\u00e0 ph\u1ea1m vi thu th\u1eadp<\/h2>\n<p>Ch\u00fang t\u00f4i thu th\u1eadp, l\u01b0u tr\u1eef v\u00e0 x\u1eed l\u00fd th\u00f4ng tin c\u1ee7a b\u1ea1n cho qu\u00e1 tr\u00ecnh th\u1ef1c hi\u1ec7n giao d\u1ecbch, cho nh\u1eefng th\u00f4ng b\u00e1o sau n\u00e0y, ho\u1eb7c \u0111\u1ec3 cung c\u1ea5p d\u1ecbch v\u1ee5. Ch\u00fang t\u00f4i kh\u00f4ng gi\u1edbi h\u1ea1n c\u00e1c lo\u1ea1i th\u00f4ng tin c\u00e1 nh\u00e2n thu th\u1eadp: danh hi\u1ec7u, t\u00ean, gi\u1edbi t\u00ednh, ng\u00e0y sinh, email, \u0111\u1ecba ch\u1ec9, s\u1ed1 \u0111i\u1ec7n tho\u1ea1i, fax, chi ti\u1ebft thanh to\u00e1n, chi ti\u1ebft thanh to\u00e1n b\u1eb1ng th\u1ebb ho\u1eb7c chi ti\u1ebft t\u00e0i kho\u1ea3n ng\u00e2n h\u00e0ng.<\/p>\n<p>Ch\u00fang t\u00f4i s\u1ebd d\u00f9ng th\u00f4ng tin qu\u00fd kh\u00e1ch \u0111\u00e3 cung c\u1ea5p \u0111\u1ec3 x\u1eed l\u00fd \u0111\u01a1n \u0111\u1eb7t h\u00e0ng, cung c\u1ea5p c\u00e1c d\u1ecbch v\u1ee5 v\u00e0 th\u00f4ng tin y\u00eau c\u1ea7u th\u00f4ng qua website v\u00e0 theo y\u00eau c\u1ea7u c\u1ee7a b\u1ea1n. H\u01a1n n\u1eefa, ch\u00fang t\u00f4i s\u1ebd s\u1eed d\u1ee5ng c\u00e1c th\u00f4ng tin \u0111\u00f3 \u0111\u1ec3 qu\u1ea3n l\u00fd t\u00e0i kho\u1ea3n c\u1ee7a b\u1ea1n; x\u00e1c minh v\u00e0 th\u1ef1c hi\u1ec7n giao d\u1ecbch tr\u1ef1c tuy\u1ebfn, ki\u1ec3m to\u00e1n vi\u1ec7c t\u1ea3i d\u1eef li\u1ec7u t\u1eeb web; c\u1ea3i thi\u1ec7n b\u1ed1 c\u1ee5c v\u00e0 n\u1ed9i dung trang web v\u00e0 \u0111i\u1ec1u ch\u1ec9nh cho ph\u00f9 h\u1ee3p v\u1edbi ng\u01b0\u1eddi d\u00f9ng; nh\u1eadn di\u1ec7n kh\u00e1ch v\u00e0o web. N\u1ebfu Qu\u00fd kh\u00e1ch kh\u00f4ng mu\u1ed1n nh\u1eadn b\u1ea5t c\u1ee9 th\u00f4ng tin ti\u1ebfp th\u1ecb c\u1ee7a ch\u00fang t\u00f4i th\u00ec c\u00f3 th\u1ec3 t\u1eeb ch\u1ed1i b\u1ea5t c\u1ee9 l\u00fac n\u00e0o.<\/p>\n<p>C\u00e1c kho\u1ea3n thanh to\u00e1n tr\u1ef1c tuy\u1ebfn s\u1ebd \u0111\u01b0\u1ee3c x\u1eed l\u00fd b\u1edfi c\u00e1c \u0111\u1ea1i l\u00fd M\u1ea1ng l\u01b0\u1edbi Qu\u1ed1c t\u1ebf c\u1ee7a ch\u00fang t\u00f4i. Qu\u00fd kh\u00e1ch ch\u1ec9 \u0111\u01b0a cho ch\u00fang t\u00f4i ho\u1eb7c \u0110\u1ea1i l\u00fd ho\u1eb7c website nh\u1eefng th\u00f4ng tin ch\u00ednh x\u00e1c, kh\u00f4ng g\u00e2y nh\u1ea7m l\u1eabn v\u00e0 ph\u1ea3i th\u00f4ng b\u00e1o cho ch\u00fang t\u00f4i n\u1ebfu c\u00f3 thay \u0111\u1ed5i.<\/p>\n<p>Chi ti\u1ebft \u0111\u01a1n \u0111\u1eb7t h\u00e0ng c\u1ee7a Qu\u00fd kh\u00e1ch s\u1ebd \u0111\u01b0\u1ee3c ch\u00fang t\u00f4i l\u01b0u gi\u1eef, nh\u01b0ng v\u00ec l\u00fd do b\u1ea3o m\u1eadt n\u00ean ch\u00fang t\u00f4i s\u1ebd kh\u00f4ng c\u00f4ng khai tr\u1ef1c ti\u1ebfp. Tuy nhi\u00ean, ng\u01b0\u1eddi s\u1eed d\u1ee5ng c\u00f3 th\u1ec3 ti\u1ebfp c\u1eadn th\u00f4ng tin b\u1eb1ng c\u00e1ch \u0111\u0103ng nh\u1eadp t\u00e0i kho\u1ea3n tr\u00ean website c\u1ee7a\u00a0Phong V\u0169. T\u1ea1i \u0111\u00e2y, b\u1ea1n s\u1ebd th\u1ea5y chi ti\u1ebft \u0111\u01a1n \u0111\u1eb7t h\u00e0ng c\u1ee7a m\u00ecnh, m\u1ecdi chi ti\u1ebft \u0111\u01b0\u1ee3c g\u1eedi qua email. Qu\u00fd kh\u00e1ch hi\u1ec3u v\u00e0 cam k\u1ebft s\u1ebd b\u1ea3o m\u1eadt d\u1eef li\u1ec7u c\u00e1 nh\u00e2n c\u1ee7a m\u00ecnh v\u00e0 kh\u00f4ng \u0111\u01b0\u1ee3c ph\u00e9p ti\u1ebft l\u1ed9 cho b\u00ean th\u1ee9 ba. Ch\u00fang t\u00f4i kh\u00f4ng ch\u1ecbu b\u1ea5t k\u1ef3 tr\u00e1ch nhi\u1ec7m n\u00e0o cho vi\u1ec7c d\u00f9ng sai m\u1eadt kh\u1ea9u n\u1ebfu \u0111\u00e2y kh\u00f4ng ph\u1ea3i l\u1ed7i c\u1ee7a ch\u00fang t\u00f4i.<\/p>\n<h2>2. Ph\u1ea1m vi s\u1eed d\u1ee5ng th\u00f4ng tin<\/h2>\n<p>Th\u00f4ng tin c\u1ee7a Kh\u00e1ch h\u00e0ng ch\u1ec9 \u0111\u01b0\u1ee3c s\u1eed d\u1ee5ng trong ho\u1ea1t \u0111\u1ed9ng qu\u1ea3n l\u00fd v\u00e0 kinh doanh c\u1ee7a website, c\u0169ng nh\u01b0 cung c\u1ea5p cho c\u00e1c b\u00ean li\u00ean k\u1ebft v\u1edbi c\u00f4ng ty. Ch\u00fang t\u00f4i c\u0169ng c\u00f3 th\u1ec3 d\u00f9ng nh\u1eefng th\u00f4ng tin ch\u00fang t\u00f4i t\u1eadp h\u1ee3p \u0111\u01b0\u1ee3c \u0111\u1ec3 th\u00f4ng b\u00e1o \u0111\u1ebfn Kh\u00e1ch h\u00e0ng nh\u1eefng s\u1ea3n ph\u1ea9m ho\u1eb7c ch\u01b0\u01a1ng tr\u00ecnh \u01b0u \u0111\u00e3i \u0111ang c\u00f3 tr\u00ean Website. Ngo\u00e0i ra, ch\u00fang t\u00f4i c\u00f3 th\u1ec3 li\u00ean h\u1ec7 v\u1edbi Kh\u00e1ch h\u00e0ng \u0111\u1ec3 nh\u1eadn \u0111\u00e1nh gi\u00e1, \u00fd ki\u1ebfn v\u00e0 quan \u0111i\u1ec3m v\u1ec1 nh\u1eefng s\u1ea3n ph\u1ea9m v\u00e0 nh\u1eefng d\u1ecbch v\u1ee5 hi\u1ec7n t\u1ea1i ho\u1eb7c nh\u1eefng s\u1ea3n ph\u1ea9m m\u1edbi s\u1ebd \u0111\u01b0\u1ee3c ra m\u1eaft. Th\u00f4ng tin c\u00e1 nh\u00e2n c\u1ee7a Kh\u00e1ch h\u00e0ng c\u00f3 th\u1ec3 b\u1ecb chia s\u1ebb v\u1edbi nh\u1eefng c\u00f4ng ty kh\u00e1c, nh\u01b0ng ch\u1ec9 trong tr\u01b0\u1eddng h\u1ee3p c\u1ea7n thi\u1ebft \u0111\u1ec3 \u0111\u00e1p \u1ee9ng c\u00e1c y\u00eau c\u1ea7u c\u1ee7a Kh\u00e1ch h\u00e0ng, ho\u1eb7c s\u1eed d\u1ee5ng cho nh\u1eefng m\u1ee5c \u0111\u00edch li\u00ean quan.<\/p>\n<h2>3. Th\u1eddi gian l\u01b0u tr\u1eef th\u00f4ng tin<\/h2>\n<p>C\u00f4ng ty c\u00f3 h\u1ec7 th\u1ed1ng m\u00e1y ch\u1ee7 c\u00f3 kh\u1ea3 n\u0103ng l\u01b0u tr\u1eef th\u00f4ng tin kh\u00e1ch h\u00e0ng t\u1ed1i thi\u1ec3u l\u00e0 02 n\u0103m v\u00e0 t\u1ed1i \u0111a l\u00e0 10 n\u0103m. Trong qu\u00e1 tr\u00ecnh ho\u1ea1t \u0111\u1ed9ng, c\u00f4ng ty c\u00f3 th\u1ec3 n\u00e2ng cao kh\u1ea3 n\u0103ng l\u01b0u tr\u1eef th\u00f4ng tin n\u1ebfu c\u1ea7n thi\u1ebft, ch\u00fang t\u00f4i s\u1ebd x\u00f3a \u0111i d\u1eef li\u1ec7u n\u00e0y n\u1ebfu Kh\u00e1ch h\u00e0ng c\u00f3 y\u00eau c\u1ea7u<\/p>\n<h2>4. Ph\u01b0\u01a1ng ti\u1ec7n v\u00e0 c\u00f4ng c\u1ee5 \u0111\u1ec3 ng\u01b0\u1eddi d\u00f9ng ti\u1ebfp c\u1eadn v\u00e0 ch\u1ec9nh s\u1eeda d\u1eef li\u1ec7u c\u00e1 nh\u00e2n c\u1ee7a m\u00ecnh.<\/h2>\n<p>Ng\u01b0\u1eddi d\u00f9ng c\u00f3 th\u1ec3 ti\u1ebfp c\u1eadn v\u00e0 ch\u1ec9nh s\u1eeda tr\u1ef1c ti\u1ebfp d\u1eef li\u1ec7u c\u00e1 nh\u00e2n c\u1ee7a m\u00ecnh th\u00f4ng qua website b\u1eb1ng c\u00e1ch \u0111\u0103ng nh\u1eadp v\u00e0o t\u00e0i kho\u1ea3n m\u00e0 m\u00ecnh \u0111\u00e3 \u0111\u0103ng k\u00fd v\u00e0 s\u1eeda l\u1ea1i c\u00e1c th\u00f4ng tin, d\u1eef li\u1ec7u c\u00e1 nh\u00e2n c\u1ee7a m\u00ecnh.<\/p>\n<p>Vi\u1ec7c \u0111\u0103ng nh\u1eadp c\u00f3 th\u1ec3 th\u1ef1c hi\u1ec7n tr\u00ean m\u00e1y t\u00ednh, \u0111i\u1ec7n tho\u1ea1i, hay c\u00e1c c\u00f4ng c\u1ee5 kh\u00e1c c\u00f3 t\u00ednh n\u0103ng truy c\u1eadp v\u00e0o website.<\/p>\n<h2>5. Cam k\u1ebft b\u1ea3o m\u1eadt th\u00f4ng tin c\u00e1 nh\u00e2n Kh\u00e1ch h\u00e0ng<\/h2>\n<p>Ch\u00fang t\u00f4i ch\u1ec9 t\u1eadp h\u1ee3p l\u1ea1i c\u00e1c th\u00f4ng tin c\u00e1 nh\u00e2n trong ph\u1ea1m vi ph\u00f9 h\u1ee3p v\u00e0 c\u1ea7n thi\u1ebft cho m\u1ee5c \u0111\u00edch th\u01b0\u01a1ng m\u1ea1i \u0111\u00fang \u0111\u1eafn c\u1ee7a ch\u00fang t\u00f4i. V\u00e0 ch\u00fang t\u00f4i duy tr\u00ec c\u00e1c bi\u1ec7n ph\u00e1p th\u00edch h\u1ee3p nh\u1eb1m \u0111\u1ea3m b\u1ea3o t\u00ednh an to\u00e0n, nguy\u00ean v\u1eb9n, \u0111\u1ed9 ch\u00ednh x\u00e1c, v\u00e0 t\u00ednh b\u1ea3o m\u1eadt c\u1ee7a nh\u1eefng th\u00f4ng tin m\u00e0 ng\u01b0\u1eddi s\u1eed d\u1ee5ng \u0111\u00e3 cung c\u1ea5p. Ngo\u00e0i ra, ch\u00fang t\u00f4i c\u0169ng c\u00f3 nh\u1eefng bi\u1ec7n ph\u00e1p th\u00edch h\u1ee3p \u0111\u1ec3 \u0111\u1ea3m b\u1ea3o r\u1eb1ng b\u00ean th\u1ee9 ba c\u0169ng s\u1ebd \u0111\u1ea3m b\u1ea3o an to\u00e0n cho c\u00e1c th\u00f4ng tin m\u00e0 ch\u00fang t\u00f4i cung c\u1ea5p cho h\u1ecd.<\/p>\n<p>Th\u00f4ng tin c\u00e1 nh\u00e2n, th\u00f4ng tin ri\u00eang c\u1ee7a ng\u01b0\u1eddi s\u1eed d\u1ee5ng \u0111\u01b0\u1ee3c thu th\u1eadp, l\u01b0u tr\u1eef v\u00e0 b\u1ea3o v\u1ec7 m\u1ed9t c\u00e1ch nghi\u00eam t\u00fac, ch\u00ednh x\u00e1c v\u00e0 b\u1ea3o m\u1eadt.<\/p>\n<p>Ch\u00fang t\u00f4i thi\u1ebft l\u1eadp nh\u1eefng ph\u1ea7n m\u1ec1m thu th\u1eadp, l\u01b0u tr\u1eef th\u00f4ng tin ri\u00eang bi\u1ec7t v\u00e0 \u0111\u01b0\u1ee3c th\u1ef1c hi\u1ec7n duy nh\u1ea5t b\u1edfi h\u1ec7 th\u1ed1ng m\u00e1y ch\u1ee7 v\u00e0 h\u1ec7 th\u1ed1ng m\u00e1y ch\u1ee7 d\u1ef1 ph\u00f2ng c\u1ee7a ch\u00fang t\u00f4i.<\/p>\n<p>Vi\u1ec7c b\u1ea3o m\u1eadt c\u00e1c th\u00f4ng tin c\u00e1 nh\u00e2n, th\u00f4ng tin ri\u00eang c\u1ee7a ng\u01b0\u1eddi s\u1eed d\u1ee5ng l\u00e0 tuy\u1ec7t \u0111\u1ed1i v\u00e0 s\u1ebd kh\u00f4ng b\u1ecb xu\u1ea5t tr\u00ecnh cho b\u00ean th\u1ee9 ba b\u1ea5t k\u1ef3 tr\u1eeb khi c\u00f3 y\u00eau c\u1ea7u t\u1eeb ph\u00eda c\u01a1 quan Nh\u00e0 n\u01b0\u1edbc c\u00f3 th\u1ea9m quy\u1ec1n.<\/p>\n<h2>6. C\u01a1 ch\u1ebf ti\u1ebfp nh\u1eadn v\u00e0 gi\u1ea3i quy\u1ebft khi\u1ebfu n\u1ea1i li\u00ean quan \u0111\u1ebfn vi\u1ec7c th\u00f4ng tin c\u00e1 nh\u00e2n kh\u00e1ch h\u00e0ng<\/h2>\n<p>Th\u00e0nh vi\u00ean c\u00f3 quy\u1ec1n g\u1eedi khi\u1ebfu n\u1ea1i v\u1ec1 vi\u1ec7c b\u1ecb l\u1ed9 th\u00f4ng tin c\u00e1 nh\u00e2n cho b\u00ean th\u1ee9 3 \u0111\u1ebfn Phong V\u0169\u00a0 qua Hotline\u00a0c\u1ee7a ch\u00fang : 036 6901055\u00a0 ho\u1eb7c qua\u00a0email: dinhphu@phongvultd.com.vn<\/p>\n<p>C\u00f4ng ty c\u00f3 tr\u00e1ch nhi\u1ec7m th\u1ef1c hi\u1ec7n c\u00e1c bi\u1ec7n ph\u00e1p k\u1ef9 thu\u1eadt, nghi\u1ec7p v\u1ee5 \u0111\u1ec3 x\u00e1c minh c\u00e1c n\u1ed9i dung \u0111\u01b0\u1ee3c ph\u1ea3n \u00e1nh.<\/p>\n<p>Th\u1eddi gian x\u1eed l\u00fd ph\u1ea3n \u00e1nh li\u00ean quan \u0111\u1ebfn th\u00f4ng tin c\u00e1 nh\u00e2n Kh\u00e1ch h\u00e0ng l\u00e0 20 ng\u00e0y.<\/p>\n","protected":false},"excerpt":{"rendered":"<p>Khi s\u1eed d\u1ee5ng c\u00e1c s\u1ea3n ph\u1ea9m v\u00e0 d\u1ecbch v\u1ee5 c\u1ee7a\u00a0Phong V\u0169\u00a0, Qu\u00fd kh\u00e1ch \u0111\u00e3 cung c\u1ea5p th\u00f4ng tin cho ch\u00fang t\u00f4i v\u00e0 h\u00e3y tin r\u1eb1ng ch\u00fang t\u00f4i lu\u00f4n h\u1ebft m\u00ecnh v\u00e0 \u0111\u1ecbnh ra nguy\u00ean t\u1eafc b\u1ea3o m\u1eadt th\u00f4ng tin ri\u00eang t\u01b0, nghi\u00eam ng\u1eb7t. Qu\u00fd kh\u00e1ch vui l\u00f2ng \u0111\u1ecdc b\u1ea3n \u201cCh\u00ednh s\u00e1ch b\u1ea3o m\u1eadt th\u00f4ng tin\u201d&#8230;<\/p>\n","protected":false},"author":1,"featured_media":2878,"parent":0,"menu_order":0,"comment_status":"closed","ping_status":"closed","template":"","meta":[],"yoast_head":"<!-- This site is optimized with the Yoast SEO plugin v20.9 - https:\/\/yoast.com\/wordpress\/plugins\/seo\/ -->\n<title>Phong V\u0169<\/title>\n<meta name=\"robots\" content=\"index, follow, max-snippet:-1, max-image-preview:large, max-video-preview:-1\" \/>\n<link rel=\"canonical\" href=\"https:\/\/web.webrt.net\/phongvu\/?page_id=3039\" \/>\n<meta property=\"og:locale\" content=\"vi_VN\" \/>\n<meta property=\"og:type\" content=\"article\" \/>\n<meta property=\"og:title\" content=\"Phong V\u0169\" \/>\n<meta property=\"og:description\" content=\"Khi s\u1eed d\u1ee5ng c\u00e1c s\u1ea3n ph\u1ea9m v\u00e0 d\u1ecbch v\u1ee5 c\u1ee7a\u00a0Phong V\u0169\u00a0, Qu\u00fd kh\u00e1ch \u0111\u00e3 cung c\u1ea5p th\u00f4ng tin cho ch\u00fang t\u00f4i v\u00e0 h\u00e3y tin r\u1eb1ng ch\u00fang t\u00f4i lu\u00f4n h\u1ebft m\u00ecnh v\u00e0 \u0111\u1ecbnh ra nguy\u00ean t\u1eafc b\u1ea3o m\u1eadt th\u00f4ng tin ri\u00eang t\u01b0, nghi\u00eam ng\u1eb7t. Qu\u00fd kh\u00e1ch vui l\u00f2ng \u0111\u1ecdc b\u1ea3n \u201cCh\u00ednh s\u00e1ch b\u1ea3o m\u1eadt th\u00f4ng tin\u201d...\" \/>\n<meta property=\"og:url\" content=\"https:\/\/web.webrt.net\/phongvu\/?page_id=3039\" \/>\n<meta property=\"og:site_name\" content=\"Phong V\u0169\" \/>\n<meta property=\"og:image\" content=\"https:\/\/web.webrt.net\/phongvu\/wp-content\/uploads\/2023\/06\/Screenshot-2023-06-22-103614.png\" \/>\n\t<meta property=\"og:image:width\" content=\"1160\" \/>\n\t<meta property=\"og:image:height\" content=\"527\" \/>\n\t<meta property=\"og:image:type\" content=\"image\/png\" \/>\n<meta name=\"twitter:card\" content=\"summary_large_image\" \/>\n<meta name=\"twitter:label1\" content=\"\u01af\u1edbc t\u00ednh th\u1eddi gian \u0111\u1ecdc\" \/>\n\t<meta name=\"twitter:data1\" content=\"8 ph\u00fat\" \/>\n<script type=\"application\/ld+json\" class=\"yoast-schema-graph\">{\"@context\":\"https:\/\/schema.org\",\"@graph\":[{\"@type\":\"WebPage\",\"@id\":\"https:\/\/web.webrt.net\/phongvu\/?page_id=3039\",\"url\":\"https:\/\/web.webrt.net\/phongvu\/?page_id=3039\",\"name\":\"Phong V\u0169\",\"isPartOf\":{\"@id\":\"https:\/\/web.webrt.net\/phongvu\/#website\"},\"datePublished\":\"2023-06-23T09:40:25+00:00\",\"dateModified\":\"2023-06-23T09:40:25+00:00\",\"breadcrumb\":{\"@id\":\"https:\/\/web.webrt.net\/phongvu\/?page_id=3039#breadcrumb\"},\"inLanguage\":\"vi\",\"potentialAction\":[{\"@type\":\"ReadAction\",\"target\":[\"https:\/\/web.webrt.net\/phongvu\/?page_id=3039\"]}]},{\"@type\":\"BreadcrumbList\",\"@id\":\"https:\/\/web.webrt.net\/phongvu\/?page_id=3039#breadcrumb\",\"itemListElement\":[{\"@type\":\"ListItem\",\"position\":1,\"name\":\"Trang ch\u1ee7\",\"item\":\"https:\/\/web.webrt.net\/phongvu\/\"},{\"@type\":\"ListItem\",\"position\":2,\"name\":\"CH\u00cdNH S\u00c1CH B\u1ea2O M\u1eacT\"}]},{\"@type\":\"WebSite\",\"@id\":\"https:\/\/web.webrt.net\/phongvu\/#website\",\"url\":\"https:\/\/web.webrt.net\/phongvu\/\",\"name\":\"Phong V\u0169\",\"description\":\"\",\"potentialAction\":[{\"@type\":\"SearchAction\",\"target\":{\"@type\":\"EntryPoint\",\"urlTemplate\":\"https:\/\/web.webrt.net\/phongvu\/?s={search_term_string}\"},\"query-input\":\"required name=search_term_string\"}],\"inLanguage\":\"vi\"}]}<\/script>\n<!-- \/ Yoast SEO plugin. -->","yoast_head_json":{"title":"Phong V\u0169","robots":{"index":"index","follow":"follow","max-snippet":"max-snippet:-1","max-image-preview":"max-image-preview:large","max-video-preview":"max-video-preview:-1"},"canonical":"https:\/\/web.webrt.net\/phongvu\/?page_id=3039","og_locale":"vi_VN","og_type":"article","og_title":"Phong V\u0169","og_description":"Khi s\u1eed d\u1ee5ng c\u00e1c s\u1ea3n ph\u1ea9m v\u00e0 d\u1ecbch v\u1ee5 c\u1ee7a\u00a0Phong V\u0169\u00a0, Qu\u00fd kh\u00e1ch \u0111\u00e3 cung c\u1ea5p th\u00f4ng tin cho ch\u00fang t\u00f4i v\u00e0 h\u00e3y tin r\u1eb1ng ch\u00fang t\u00f4i lu\u00f4n h\u1ebft m\u00ecnh v\u00e0 \u0111\u1ecbnh ra nguy\u00ean t\u1eafc b\u1ea3o m\u1eadt th\u00f4ng tin ri\u00eang t\u01b0, nghi\u00eam ng\u1eb7t. Qu\u00fd kh\u00e1ch vui l\u00f2ng \u0111\u1ecdc b\u1ea3n \u201cCh\u00ednh s\u00e1ch b\u1ea3o m\u1eadt th\u00f4ng tin\u201d...","og_url":"https:\/\/web.webrt.net\/phongvu\/?page_id=3039","og_site_name":"Phong V\u0169","og_image":[{"width":1160,"height":527,"url":"https:\/\/web.webrt.net\/phongvu\/wp-content\/uploads\/2023\/06\/Screenshot-2023-06-22-103614.png","type":"image\/png"}],"twitter_card":"summary_large_image","twitter_misc":{"\u01af\u1edbc t\u00ednh th\u1eddi gian \u0111\u1ecdc":"8 ph\u00fat"},"schema":{"@context":"https:\/\/schema.org","@graph":[{"@type":"WebPage","@id":"https:\/\/web.webrt.net\/phongvu\/?page_id=3039","url":"https:\/\/web.webrt.net\/phongvu\/?page_id=3039","name":"Phong V\u0169","isPartOf":{"@id":"https:\/\/web.webrt.net\/phongvu\/#website"},"datePublished":"2023-06-23T09:40:25+00:00","dateModified":"2023-06-23T09:40:25+00:00","breadcrumb":{"@id":"https:\/\/web.webrt.net\/phongvu\/?page_id=3039#breadcrumb"},"inLanguage":"vi","potentialAction":[{"@type":"ReadAction","target":["https:\/\/web.webrt.net\/phongvu\/?page_id=3039"]}]},{"@type":"BreadcrumbList","@id":"https:\/\/web.webrt.net\/phongvu\/?page_id=3039#breadcrumb","itemListElement":[{"@type":"ListItem","position":1,"name":"Trang ch\u1ee7","item":"https:\/\/web.webrt.net\/phongvu\/"},{"@type":"ListItem","position":2,"name":"CH\u00cdNH S\u00c1CH B\u1ea2O M\u1eacT"}]},{"@type":"WebSite","@id":"https:\/\/web.webrt.net\/phongvu\/#website","url":"https:\/\/web.webrt.net\/phongvu\/","name":"Phong V\u0169","description":"","potentialAction":[{"@type":"SearchAction","target":{"@type":"EntryPoint","urlTemplate":"https:\/\/web.webrt.net\/phongvu\/?s={search_term_string}"},"query-input":"required name=search_term_string"}],"inLanguage":"vi"}]}},"_links":{"self":[{"href":"https:\/\/web.webrt.net\/phongvu\/index.php?rest_route=\/wp\/v2\/pages\/3039"}],"collection":[{"href":"https:\/\/web.webrt.net\/phongvu\/index.php?rest_route=\/wp\/v2\/pages"}],"about":[{"href":"https:\/\/web.webrt.net\/phongvu\/index.php?rest_route=\/wp\/v2\/types\/page"}],"author":[{"embeddable":true,"href":"https:\/\/web.webrt.net\/phongvu\/index.php?rest_route=\/wp\/v2\/users\/1"}],"replies":[{"embeddable":true,"href":"https:\/\/web.webrt.net\/phongvu\/index.php?rest_route=%2Fwp%2Fv2%2Fcomments&post=3039"}],"version-history":[{"count":1,"href":"https:\/\/web.webrt.net\/phongvu\/index.php?rest_route=\/wp\/v2\/pages\/3039\/revisions"}],"predecessor-version":[{"id":3040,"href":"https:\/\/web.webrt.net\/phongvu\/index.php?rest_route=\/wp\/v2\/pages\/3039\/revisions\/3040"}],"wp:featuredmedia":[{"embeddable":true,"href":"https:\/\/web.webrt.net\/phongvu\/index.php?rest_route=\/wp\/v2\/media\/2878"}],"wp:attachment":[{"href":"https:\/\/web.webrt.net\/phongvu\/index.php?rest_route=%2Fwp%2Fv2%2Fmedia&parent=3039"}],"curies":[{"name":"wp","href":"https:\/\/api.w.org\/{rel}","templated":true}]}}