{"id":3037,"date":"2023-06-23T09:39:42","date_gmt":"2023-06-23T09:39:42","guid":{"rendered":"https:\/\/web.webrt.net\/phongvu\/?page_id=3037"},"modified":"2023-06-23T09:39:42","modified_gmt":"2023-06-23T09:39:42","slug":"chinh-sach-bao-hanh","status":"publish","type":"page","link":"https:\/\/web.webrt.net\/phongvu\/?page_id=3037","title":{"rendered":"CH\u00cdNH S\u00c1CH B\u1ea2O H\u00c0NH"},"content":{"rendered":"<p>B\u1ea3o h\u00e0nh s\u1ea3n ph\u1ea9m l\u00e0: kh\u1eafc ph\u1ee5c nh\u1eefng l\u1ed7i h\u1ecfng h\u00f3c, s\u1ef1 c\u1ed1 k\u1ef9 thu\u1eadt x\u1ea3y ra do l\u1ed7i c\u1ee7a nh\u00e0 s\u1ea3n xu\u1ea5t.<\/p>\n<h2>A. Quy \u0111\u1ecbnh v\u1ec1 b\u1ea3o h\u00e0nh<\/h2>\n<ul>\n<li>S\u1ea3n ph\u1ea9m \u0111\u01b0\u1ee3c b\u1ea3o h\u00e0nh mi\u1ec5n ph\u00ed n\u1ebfu s\u1ea3n ph\u1ea9m \u0111\u00f3 c\u00f2n th\u1eddi h\u1ea1n b\u1ea3o h\u00e0nh \u0111\u01b0\u1ee3c t\u00ednh k\u1ec3 t\u1eeb ng\u00e0y giao h\u00e0ng, s\u1ea3n ph\u1ea9m \u0111\u01b0\u1ee3c b\u1ea3o h\u00e0nh trong th\u1eddi h\u1ea1n b\u1ea3o h\u00e0nh ghi tr\u00ean S\u1ed5 b\u1ea3o h\u00e0nh, Tem b\u1ea3o h\u00e0nh v\u00e0 theo quy \u0111\u1ecbnh c\u1ee7a c\u00f4ng ty.<\/li>\n<li>C\u00f3 Phi\u1ebfu b\u1ea3o h\u00e0nh v\u00e0 Tem b\u1ea3o h\u00e0nh c\u1ee7a c\u00f4ng ty tr\u00ean s\u1ea3n ph\u1ea9m. Tr\u01b0\u1eddng h\u1ee3p s\u1ea3n ph\u1ea9m kh\u00f4ng c\u00f3 s\u1ed1 serial ghi tr\u00ean Phi\u1ebfu b\u1ea3o h\u00e0nh th\u00ec ph\u1ea3i c\u00f3 Tem b\u1ea3o h\u00e0nh c\u1ee7a\u00a0Phong V\u0169\u00a0(k\u1ec3 c\u1ea3 Tem b\u1ea3o h\u00e0nh g\u1ed1c).<\/li>\n<\/ul>\n<h2>B. Nh\u1eefng tr\u01b0\u1eddng h\u1ee3p kh\u00f4ng \u0111\u01b0\u1ee3c b\u1ea3o h\u00e0nh<\/h2>\n<ul>\n<li>S\u1ea3n ph\u1ea9m \u0111\u00e3 h\u1ebft th\u1eddi h\u1ea1n b\u1ea3o h\u00e0nh ho\u1eb7c m\u1ea5t Phi\u1ebfu b\u1ea3o h\u00e0nh.<\/li>\n<li>S\u1ed1 m\u00e3 v\u1ea1ch, s\u1ed1 serial tr\u00ean s\u1ea3n ph\u1ea9m kh\u00f4ng x\u00e1c \u0111\u1ecbnh \u0111\u01b0\u1ee3c ho\u1eb7c sai so v\u1edbi Phi\u1ebfu b\u1ea3o h\u00e0nh.<\/li>\n<li>T\u1ef1 \u00fd th\u00e1o d\u1ee1, s\u1eeda ch\u1eefa b\u1edfi c\u00e1c c\u00e1 nh\u00e2n ho\u1eb7c k\u1ef9 thu\u1eadt vi\u00ean kh\u00f4ng ph\u1ea3i l\u00e0 nh\u00e2n vi\u00ean\u00a0Phong V\u0169<\/li>\n<li>S\u1ea3n ph\u1ea9m b\u1ecb ch\u00e1y n\u1ed5 hay h\u1ecfng h\u00f3c do t\u00e1c \u0111\u1ed9ng c\u01a1 h\u1ecdc, bi\u1ebfn d\u1ea1ng, r\u01a1i, v\u1ee1, va \u0111\u1eadp, b\u1ecb x\u01b0\u1edbc, b\u1ecb h\u1ecfng do \u1ea9m \u01b0\u1edbt, hoen r\u1ec9, ch\u1ea3y n\u01b0\u1edbc, \u0111\u1ed9ng v\u1eadt x\u00e2m nh\u1eadp v\u00e0o, thi\u00ean tai, h\u1ecfa ho\u1ea1n, s\u1eed d\u1ee5ng sai \u0111i\u1ec7n \u00e1p quy \u0111\u1ecbnh<\/li>\n<\/ul>\n<div class=\"blog-share text-center\"><\/div>\n","protected":false},"excerpt":{"rendered":"<p>B\u1ea3o h\u00e0nh s\u1ea3n ph\u1ea9m l\u00e0: kh\u1eafc ph\u1ee5c nh\u1eefng l\u1ed7i h\u1ecfng h\u00f3c, s\u1ef1 c\u1ed1 k\u1ef9 thu\u1eadt x\u1ea3y ra do l\u1ed7i c\u1ee7a nh\u00e0 s\u1ea3n xu\u1ea5t. A. Quy \u0111\u1ecbnh v\u1ec1 b\u1ea3o h\u00e0nh S\u1ea3n ph\u1ea9m \u0111\u01b0\u1ee3c b\u1ea3o h\u00e0nh mi\u1ec5n ph\u00ed n\u1ebfu s\u1ea3n ph\u1ea9m \u0111\u00f3 c\u00f2n th\u1eddi h\u1ea1n b\u1ea3o h\u00e0nh \u0111\u01b0\u1ee3c t\u00ednh k\u1ec3 t\u1eeb ng\u00e0y giao h\u00e0ng, s\u1ea3n ph\u1ea9m \u0111\u01b0\u1ee3c&#8230;<\/p>\n","protected":false},"author":1,"featured_media":2917,"parent":0,"menu_order":0,"comment_status":"closed","ping_status":"closed","template":"","meta":[],"yoast_head":"<!-- This site is optimized with the Yoast SEO plugin v20.9 - https:\/\/yoast.com\/wordpress\/plugins\/seo\/ -->\n<title>Phong V\u0169<\/title>\n<meta name=\"robots\" content=\"index, follow, max-snippet:-1, max-image-preview:large, max-video-preview:-1\" \/>\n<link rel=\"canonical\" href=\"https:\/\/web.webrt.net\/phongvu\/?page_id=3037\" \/>\n<meta property=\"og:locale\" content=\"vi_VN\" \/>\n<meta property=\"og:type\" content=\"article\" \/>\n<meta property=\"og:title\" content=\"Phong V\u0169\" \/>\n<meta property=\"og:description\" content=\"B\u1ea3o h\u00e0nh s\u1ea3n ph\u1ea9m l\u00e0: kh\u1eafc ph\u1ee5c nh\u1eefng l\u1ed7i h\u1ecfng h\u00f3c, s\u1ef1 c\u1ed1 k\u1ef9 thu\u1eadt x\u1ea3y ra do l\u1ed7i c\u1ee7a nh\u00e0 s\u1ea3n xu\u1ea5t. A. Quy \u0111\u1ecbnh v\u1ec1 b\u1ea3o h\u00e0nh S\u1ea3n ph\u1ea9m \u0111\u01b0\u1ee3c b\u1ea3o h\u00e0nh mi\u1ec5n ph\u00ed n\u1ebfu s\u1ea3n ph\u1ea9m \u0111\u00f3 c\u00f2n th\u1eddi h\u1ea1n b\u1ea3o h\u00e0nh \u0111\u01b0\u1ee3c t\u00ednh k\u1ec3 t\u1eeb ng\u00e0y giao h\u00e0ng, s\u1ea3n ph\u1ea9m \u0111\u01b0\u1ee3c...\" \/>\n<meta property=\"og:url\" content=\"https:\/\/web.webrt.net\/phongvu\/?page_id=3037\" \/>\n<meta property=\"og:site_name\" content=\"Phong V\u0169\" \/>\n<meta property=\"og:image\" content=\"https:\/\/web.webrt.net\/phongvu\/wp-content\/uploads\/2023\/06\/Screenshot-2023-06-22-111439.png\" \/>\n\t<meta property=\"og:image:width\" content=\"838\" \/>\n\t<meta property=\"og:image:height\" content=\"572\" \/>\n\t<meta property=\"og:image:type\" content=\"image\/png\" \/>\n<meta name=\"twitter:card\" content=\"summary_large_image\" \/>\n<meta name=\"twitter:label1\" content=\"\u01af\u1edbc t\u00ednh th\u1eddi gian \u0111\u1ecdc\" \/>\n\t<meta name=\"twitter:data1\" content=\"2 ph\u00fat\" \/>\n<script type=\"application\/ld+json\" class=\"yoast-schema-graph\">{\"@context\":\"https:\/\/schema.org\",\"@graph\":[{\"@type\":\"WebPage\",\"@id\":\"https:\/\/web.webrt.net\/phongvu\/?page_id=3037\",\"url\":\"https:\/\/web.webrt.net\/phongvu\/?page_id=3037\",\"name\":\"Phong V\u0169\",\"isPartOf\":{\"@id\":\"https:\/\/web.webrt.net\/phongvu\/#website\"},\"datePublished\":\"2023-06-23T09:39:42+00:00\",\"dateModified\":\"2023-06-23T09:39:42+00:00\",\"breadcrumb\":{\"@id\":\"https:\/\/web.webrt.net\/phongvu\/?page_id=3037#breadcrumb\"},\"inLanguage\":\"vi\",\"potentialAction\":[{\"@type\":\"ReadAction\",\"target\":[\"https:\/\/web.webrt.net\/phongvu\/?page_id=3037\"]}]},{\"@type\":\"BreadcrumbList\",\"@id\":\"https:\/\/web.webrt.net\/phongvu\/?page_id=3037#breadcrumb\",\"itemListElement\":[{\"@type\":\"ListItem\",\"position\":1,\"name\":\"Trang ch\u1ee7\",\"item\":\"https:\/\/web.webrt.net\/phongvu\/\"},{\"@type\":\"ListItem\",\"position\":2,\"name\":\"CH\u00cdNH S\u00c1CH B\u1ea2O H\u00c0NH\"}]},{\"@type\":\"WebSite\",\"@id\":\"https:\/\/web.webrt.net\/phongvu\/#website\",\"url\":\"https:\/\/web.webrt.net\/phongvu\/\",\"name\":\"Phong V\u0169\",\"description\":\"\",\"potentialAction\":[{\"@type\":\"SearchAction\",\"target\":{\"@type\":\"EntryPoint\",\"urlTemplate\":\"https:\/\/web.webrt.net\/phongvu\/?s={search_term_string}\"},\"query-input\":\"required name=search_term_string\"}],\"inLanguage\":\"vi\"}]}<\/script>\n<!-- \/ Yoast SEO plugin. -->","yoast_head_json":{"title":"Phong V\u0169","robots":{"index":"index","follow":"follow","max-snippet":"max-snippet:-1","max-image-preview":"max-image-preview:large","max-video-preview":"max-video-preview:-1"},"canonical":"https:\/\/web.webrt.net\/phongvu\/?page_id=3037","og_locale":"vi_VN","og_type":"article","og_title":"Phong V\u0169","og_description":"B\u1ea3o h\u00e0nh s\u1ea3n ph\u1ea9m l\u00e0: kh\u1eafc ph\u1ee5c nh\u1eefng l\u1ed7i h\u1ecfng h\u00f3c, s\u1ef1 c\u1ed1 k\u1ef9 thu\u1eadt x\u1ea3y ra do l\u1ed7i c\u1ee7a nh\u00e0 s\u1ea3n xu\u1ea5t. A. Quy \u0111\u1ecbnh v\u1ec1 b\u1ea3o h\u00e0nh S\u1ea3n ph\u1ea9m \u0111\u01b0\u1ee3c b\u1ea3o h\u00e0nh mi\u1ec5n ph\u00ed n\u1ebfu s\u1ea3n ph\u1ea9m \u0111\u00f3 c\u00f2n th\u1eddi h\u1ea1n b\u1ea3o h\u00e0nh \u0111\u01b0\u1ee3c t\u00ednh k\u1ec3 t\u1eeb ng\u00e0y giao h\u00e0ng, s\u1ea3n ph\u1ea9m \u0111\u01b0\u1ee3c...","og_url":"https:\/\/web.webrt.net\/phongvu\/?page_id=3037","og_site_name":"Phong V\u0169","og_image":[{"width":838,"height":572,"url":"https:\/\/web.webrt.net\/phongvu\/wp-content\/uploads\/2023\/06\/Screenshot-2023-06-22-111439.png","type":"image\/png"}],"twitter_card":"summary_large_image","twitter_misc":{"\u01af\u1edbc t\u00ednh th\u1eddi gian \u0111\u1ecdc":"2 ph\u00fat"},"schema":{"@context":"https:\/\/schema.org","@graph":[{"@type":"WebPage","@id":"https:\/\/web.webrt.net\/phongvu\/?page_id=3037","url":"https:\/\/web.webrt.net\/phongvu\/?page_id=3037","name":"Phong V\u0169","isPartOf":{"@id":"https:\/\/web.webrt.net\/phongvu\/#website"},"datePublished":"2023-06-23T09:39:42+00:00","dateModified":"2023-06-23T09:39:42+00:00","breadcrumb":{"@id":"https:\/\/web.webrt.net\/phongvu\/?page_id=3037#breadcrumb"},"inLanguage":"vi","potentialAction":[{"@type":"ReadAction","target":["https:\/\/web.webrt.net\/phongvu\/?page_id=3037"]}]},{"@type":"BreadcrumbList","@id":"https:\/\/web.webrt.net\/phongvu\/?page_id=3037#breadcrumb","itemListElement":[{"@type":"ListItem","position":1,"name":"Trang ch\u1ee7","item":"https:\/\/web.webrt.net\/phongvu\/"},{"@type":"ListItem","position":2,"name":"CH\u00cdNH S\u00c1CH B\u1ea2O H\u00c0NH"}]},{"@type":"WebSite","@id":"https:\/\/web.webrt.net\/phongvu\/#website","url":"https:\/\/web.webrt.net\/phongvu\/","name":"Phong V\u0169","description":"","potentialAction":[{"@type":"SearchAction","target":{"@type":"EntryPoint","urlTemplate":"https:\/\/web.webrt.net\/phongvu\/?s={search_term_string}"},"query-input":"required name=search_term_string"}],"inLanguage":"vi"}]}},"_links":{"self":[{"href":"https:\/\/web.webrt.net\/phongvu\/index.php?rest_route=\/wp\/v2\/pages\/3037"}],"collection":[{"href":"https:\/\/web.webrt.net\/phongvu\/index.php?rest_route=\/wp\/v2\/pages"}],"about":[{"href":"https:\/\/web.webrt.net\/phongvu\/index.php?rest_route=\/wp\/v2\/types\/page"}],"author":[{"embeddable":true,"href":"https:\/\/web.webrt.net\/phongvu\/index.php?rest_route=\/wp\/v2\/users\/1"}],"replies":[{"embeddable":true,"href":"https:\/\/web.webrt.net\/phongvu\/index.php?rest_route=%2Fwp%2Fv2%2Fcomments&post=3037"}],"version-history":[{"count":1,"href":"https:\/\/web.webrt.net\/phongvu\/index.php?rest_route=\/wp\/v2\/pages\/3037\/revisions"}],"predecessor-version":[{"id":3038,"href":"https:\/\/web.webrt.net\/phongvu\/index.php?rest_route=\/wp\/v2\/pages\/3037\/revisions\/3038"}],"wp:featuredmedia":[{"embeddable":true,"href":"https:\/\/web.webrt.net\/phongvu\/index.php?rest_route=\/wp\/v2\/media\/2917"}],"wp:attachment":[{"href":"https:\/\/web.webrt.net\/phongvu\/index.php?rest_route=%2Fwp%2Fv2%2Fmedia&parent=3037"}],"curies":[{"name":"wp","href":"https:\/\/api.w.org\/{rel}","templated":true}]}}